{"id":298,"date":"2018-02-26T18:07:54","date_gmt":"2018-02-26T18:07:54","guid":{"rendered":"http:\/\/ff-herzogsreut.de\/?page_id=298"},"modified":"2020-07-26T14:01:38","modified_gmt":"2020-07-26T14:01:38","slug":"atemschutz","status":"publish","type":"page","link":"http:\/\/ff-herzogsreut.de\/?page_id=298","title":{"rendered":"Atemschutz"},"content":{"rendered":"<p><img decoding=\"async\" loading=\"lazy\" class=\"aligncenter size-large wp-image-463\" src=\"http:\/\/ff-herzogsreut.de\/wp-content\/uploads\/2020\/07\/Atemschutz.neu7_.20-1024x985.jpg\" alt=\"\" width=\"525\" height=\"505\" srcset=\"http:\/\/ff-herzogsreut.de\/wp-content\/uploads\/2020\/07\/Atemschutz.neu7_.20-1024x985.jpg 1024w, http:\/\/ff-herzogsreut.de\/wp-content\/uploads\/2020\/07\/Atemschutz.neu7_.20-300x288.jpg 300w, http:\/\/ff-herzogsreut.de\/wp-content\/uploads\/2020\/07\/Atemschutz.neu7_.20-768x739.jpg 768w, http:\/\/ff-herzogsreut.de\/wp-content\/uploads\/2020\/07\/Atemschutz.neu7_.20-1536x1477.jpg 1536w, http:\/\/ff-herzogsreut.de\/wp-content\/uploads\/2020\/07\/Atemschutz.neu7_.20-2048x1969.jpg 2048w\" sizes=\"(max-width: 525px) 100vw, 525px\" \/><\/p>\n<p><b>Atemschutzger\u00e4te<\/b> bieten Schutz vor Stoffen, Partikeln oder Organismen, die \u00fcber die Atemwege in den K\u00f6rper gelangen k\u00f6nnen.<\/p>\n<p>Deshalb m\u00fcssen wir uns z. B. bei Br\u00e4nden vor diesen Gefahren sch\u00fctzen.<\/p>\n<p>Grunds\u00e4tzlich gibt es 2 verschiedene Anwendungsbereiche:<\/p>\n<div id='gallery-1' class='gallery galleryid-298 gallery-columns-1 gallery-size-thumbnail'><figure class='gallery-item'>\n\t\t\t<div class='gallery-icon landscape'>\n\t\t\t\t<img width=\"150\" height=\"150\" src=\"http:\/\/ff-herzogsreut.de\/wp-content\/uploads\/2018\/02\/atemschutzmaskeundfilter-150x150.png\" class=\"attachment-thumbnail size-thumbnail\" alt=\"\" decoding=\"async\" loading=\"lazy\" aria-describedby=\"gallery-1-301\" srcset=\"http:\/\/ff-herzogsreut.de\/wp-content\/uploads\/2018\/02\/atemschutzmaskeundfilter-150x150.png 150w, http:\/\/ff-herzogsreut.de\/wp-content\/uploads\/2018\/02\/atemschutzmaskeundfilter-300x300.png 300w, http:\/\/ff-herzogsreut.de\/wp-content\/uploads\/2018\/02\/atemschutzmaskeundfilter-768x768.png 768w, http:\/\/ff-herzogsreut.de\/wp-content\/uploads\/2018\/02\/atemschutzmaskeundfilter-100x100.png 100w, http:\/\/ff-herzogsreut.de\/wp-content\/uploads\/2018\/02\/atemschutzmaskeundfilter.png 960w\" sizes=\"100vw\" \/>\n\t\t\t<\/div>\n\t\t\t\t<figcaption class='wp-caption-text gallery-caption' id='gallery-1-301'>\n\t\t\t\tumgebungsluftabh\u00e4ngiger Atemschutz: Maske und Atemschutzfilter\n\t\t\t\t<\/figcaption><\/figure><figure class='gallery-item'>\n\t\t\t<div class='gallery-icon landscape'>\n\t\t\t\t<img width=\"150\" height=\"150\" src=\"http:\/\/ff-herzogsreut.de\/wp-content\/uploads\/2018\/02\/Atemschutzger\u00e4t-150x150.jpg\" class=\"attachment-thumbnail size-thumbnail\" alt=\"\" decoding=\"async\" loading=\"lazy\" aria-describedby=\"gallery-1-300\" srcset=\"http:\/\/ff-herzogsreut.de\/wp-content\/uploads\/2018\/02\/Atemschutzger\u00e4t-150x150.jpg 150w, http:\/\/ff-herzogsreut.de\/wp-content\/uploads\/2018\/02\/Atemschutzger\u00e4t-100x100.jpg 100w\" sizes=\"100vw\" \/>\n\t\t\t<\/div>\n\t\t\t\t<figcaption class='wp-caption-text gallery-caption' id='gallery-1-300'>\n\t\t\t\tumgebungsluftunabh\u00e4ngiger Atemschutz: Maske und Atemschutzger\u00e4t mit Pressluft in einer oder mehreren Flaschen\n\t\t\t\t<\/figcaption><\/figure>\n\t\t<\/div>\n\n<p>Wir besitzen in unserer Feuerwehr insgesamt vier Pressluftatmer (300 bar) der Firma Dr\u00e4ger und acht Atemschutzmasken (davon haben zwei Atemschutztr\u00e4ger eigene Masken mit Brille in der jeweiligen Sehst\u00e4rke).<\/p>\n<p>Bevor man die Ausbildung zum Atemschutzger\u00e4tetr\u00e4ger machen darf, ist eine \u00e4rztliche Untersuchung (G26.3) notwendig.<\/p>\n<p>J\u00e4hrlich sind <strong>drei fachbezogene Ausbildungen\u00a0<\/strong> f\u00fcr den AS-Tr\u00e4ger vorgeschrieben:<\/p>\n<ul>\n<li>eine theoretische Unterweisung \u00fcber den Atemschutz und Unfallverh\u00fctungsvorschriften<\/li>\n<li>eine Belastungs\u00fcbung in einer Atemschutz-\u00dcbungsanlage<\/li>\n<li>eine Einsatz\u00fcbung*<br \/>\n*) kann entfallen, wenn innerhalb des Jahres ein Einsatz unter<br \/>\nAtemschutz durchgef\u00fchrt wurde oder<br \/>\n*) wird erf\u00fcllt, wenn z. B. eine Brand\u00fcbungsanlage besucht oder eine<br \/>\n\u00dcbung nach Anlage 4 der FwDV 7 neu absolviert wird<\/li>\n<\/ul>\n","protected":false},"excerpt":{"rendered":"<p>Atemschutzger\u00e4te bieten Schutz vor Stoffen, Partikeln oder Organismen, die \u00fcber die Atemwege in den K\u00f6rper gelangen k\u00f6nnen. Deshalb m\u00fcssen wir uns z. B. bei Br\u00e4nden vor diesen Gefahren sch\u00fctzen. Grunds\u00e4tzlich gibt es 2 verschiedene Anwendungsbereiche: Wir besitzen in unserer Feuerwehr insgesamt vier Pressluftatmer (300 bar) der Firma Dr\u00e4ger und acht Atemschutzmasken (davon haben zwei Atemschutztr\u00e4ger &hellip; <\/p>\n<p class=\"link-more\"><a href=\"http:\/\/ff-herzogsreut.de\/?page_id=298\" class=\"more-link\"><span class=\"screen-reader-text\">\u201eAtemschutz\u201c<\/span> weiterlesen<\/a><\/p>\n","protected":false},"author":1,"featured_media":0,"parent":0,"menu_order":0,"comment_status":"closed","ping_status":"closed","template":"","meta":[],"_links":{"self":[{"href":"http:\/\/ff-herzogsreut.de\/index.php?rest_route=\/wp\/v2\/pages\/298"}],"collection":[{"href":"http:\/\/ff-herzogsreut.de\/index.php?rest_route=\/wp\/v2\/pages"}],"about":[{"href":"http:\/\/ff-herzogsreut.de\/index.php?rest_route=\/wp\/v2\/types\/page"}],"author":[{"embeddable":true,"href":"http:\/\/ff-herzogsreut.de\/index.php?rest_route=\/wp\/v2\/users\/1"}],"replies":[{"embeddable":true,"href":"http:\/\/ff-herzogsreut.de\/index.php?rest_route=%2Fwp%2Fv2%2Fcomments&post=298"}],"version-history":[{"count":14,"href":"http:\/\/ff-herzogsreut.de\/index.php?rest_route=\/wp\/v2\/pages\/298\/revisions"}],"predecessor-version":[{"id":465,"href":"http:\/\/ff-herzogsreut.de\/index.php?rest_route=\/wp\/v2\/pages\/298\/revisions\/465"}],"wp:attachment":[{"href":"http:\/\/ff-herzogsreut.de\/index.php?rest_route=%2Fwp%2Fv2%2Fmedia&parent=298"}],"curies":[{"name":"wp","href":"https:\/\/api.w.org\/{rel}","templated":true}]}}

<p><img decoding="async" loading="lazy" class="aligncenter size-large wp-image-463" src="http://ff-herzogsreut.de/wp-content/uploads/2020/07/Atemschutz.neu7_.20-1024x985.jpg" alt="" width="525" height="505" srcset="http://ff-herzogsreut.de/wp-content/uploads/2020/07/Atemschutz.neu7_.20-1024x985.jpg 1024w, http://ff-herzogsreut.de/wp-content/uploads/2020/07/Atemschutz.neu7_.20-300x288.jpg 300w, http://ff-herzogsreut.de/wp-content/uploads/2020/07/Atemschutz.neu7_.20-768x739.jpg 768w, http://ff-herzogsreut.de/wp-content/uploads/2020/07/Atemschutz.neu7_.20-1536x1477.jpg 1536w, http://ff-herzogsreut.de/wp-content/uploads/2020/07/Atemschutz.neu7_.20-2048x1969.jpg 2048w" sizes="(max-width: 525px) 100vw, 525px" /></p>
<p><b>Atemschutzgeräte</b> bieten Schutz vor Stoffen, Partikeln oder Organismen, die über die Atemwege in den Körper gelangen können.</p>
<p>Deshalb müssen wir uns z. B. bei Bränden vor diesen Gefahren schützen.</p>
<p>Grundsätzlich gibt es 2 verschiedene Anwendungsbereiche:</p>
<div id='gallery-1' class='gallery galleryid-298 gallery-columns-1 gallery-size-thumbnail'><figure class='gallery-item'>
			<div class='gallery-icon landscape'>
				<img width="150" height="150" src="http://ff-herzogsreut.de/wp-content/uploads/2018/02/atemschutzmaskeundfilter-150x150.png" class="attachment-thumbnail size-thumbnail" alt="" decoding="async" loading="lazy" aria-describedby="gallery-1-301" srcset="http://ff-herzogsreut.de/wp-content/uploads/2018/02/atemschutzmaskeundfilter-150x150.png 150w, http://ff-herzogsreut.de/wp-content/uploads/2018/02/atemschutzmaskeundfilter-300x300.png 300w, http://ff-herzogsreut.de/wp-content/uploads/2018/02/atemschutzmaskeundfilter-768x768.png 768w, http://ff-herzogsreut.de/wp-content/uploads/2018/02/atemschutzmaskeundfilter-100x100.png 100w, http://ff-herzogsreut.de/wp-content/uploads/2018/02/atemschutzmaskeundfilter.png 960w" sizes="100vw" />
			</div>
				<figcaption class='wp-caption-text gallery-caption' id='gallery-1-301'>
				umgebungsluftabhängiger Atemschutz: Maske und Atemschutzfilter
				</figcaption></figure><figure class='gallery-item'>
			<div class='gallery-icon landscape'>
				<img width="150" height="150" src="http://ff-herzogsreut.de/wp-content/uploads/2018/02/Atemschutzgerät-150x150.jpg" class="attachment-thumbnail size-thumbnail" alt="" decoding="async" loading="lazy" aria-describedby="gallery-1-300" srcset="http://ff-herzogsreut.de/wp-content/uploads/2018/02/Atemschutzgerät-150x150.jpg 150w, http://ff-herzogsreut.de/wp-content/uploads/2018/02/Atemschutzgerät-100x100.jpg 100w" sizes="100vw" />
			</div>
				<figcaption class='wp-caption-text gallery-caption' id='gallery-1-300'>
				umgebungsluftunabhängiger Atemschutz: Maske und Atemschutzgerät mit Pressluft in einer oder mehreren Flaschen
				</figcaption></figure>
		</div>

<p>Wir besitzen in unserer Feuerwehr insgesamt vier Pressluftatmer (300 bar) der Firma Dräger und acht Atemschutzmasken (davon haben zwei Atemschutzträger eigene Masken mit Brille in der jeweiligen Sehstärke).</p>
<p>Bevor man die Ausbildung zum Atemschutzgeräteträger machen darf, ist eine ärztliche Untersuchung (G26.3) notwendig.</p>
<p>Jährlich sind <strong>drei fachbezogene Ausbildungen </strong> für den AS-Träger vorgeschrieben:</p>
<ul>
<li>eine theoretische Unterweisung über den Atemschutz und Unfallverhütungsvorschriften</li>
<li>eine Belastungsübung in einer Atemschutz-Übungsanlage</li>
<li>eine Einsatzübung*<br />
*) kann entfallen, wenn innerhalb des Jahres ein Einsatz unter<br />
Atemschutz durchgeführt wurde oder<br />
*) wird erfüllt, wenn z. B. eine Brandübungsanlage besucht oder eine<br />
Übung nach Anlage 4 der FwDV 7 neu absolviert wird</li>
</ul>

<p>Atemschutzgeräte bieten Schutz vor Stoffen, Partikeln oder Organismen, die über die Atemwege in den Körper gelangen können. Deshalb müssen wir uns z. B. bei Bränden vor diesen Gefahren schützen. Grundsätzlich gibt es 2 verschiedene Anwendungsbereiche: Wir besitzen in unserer Feuerwehr insgesamt vier Pressluftatmer (300 bar) der Firma Dräger und acht Atemschutzmasken (davon haben zwei Atemschutzträger &hellip; </p>
<p class="link-more"><a href="http://ff-herzogsreut.de/?page_id=298" class="more-link"><span class="screen-reader-text">„Atemschutz“</span> weiterlesen</a></p>
